 divisor of 25938 and 1965.
393
Calculate the greatest common divisor of 3717 and 69325.
59
Calculate the highest common divisor of 170 and 3198499.
17
Calculate the highest common divisor of 46576 and 9512.
328
What is the highest common factor of 627 and 163229?
209
Calculate the greatest common divisor of 27 and 9219.
3
What is the greatest common divisor of 1134 and 20979?
567
Calculate the greatest common divisor of 36780 and 1440.
60
Calculate the highest common factor of 306 and 438668.
34
What is the highest common factor of 161076 and 1054?
62
What is the highest common divisor of 6232 and 3496?
152
What is the highest common divisor of 74 and 23717?
37
Calculate the highest common divisor of 340 and 4420.
340
What is the greatest common divisor of 2 and 8528?
2
What is the highest common divisor of 67 and 779076?
67
What is the greatest common divisor of 11361 and 2373?
21
What is the highest common divisor of 3045 and 1073?
29
What is the greatest common factor of 3895 and 4750?
95
What is the highest common factor of 21682 and 111?
37
What is the highest common divisor of 5161 and 73445?
397
Calculate the greatest common factor of 1928 and 20176.
8
What is the greatest common factor of 18528 and 288?
96
Calculate the highest common divisor of 77 and 65681.
77
What is the highest common divisor of 592 and 64?
16
Calculate the highest common factor of 2490 and 11250.
30
What is the greatest common divisor of 3381 and 577122?
147
Calculate the greatest common factor of 450910 and 402.
134
Calculate the highest common divisor of 201845 and 790.
395
What is the highest common factor of 1126 and 43?
1
Calculate the greatest common factor of 755 and 118082.
151
Calculate the highest common factor of 7695679 and 17.
17
Calculate the greatest common factor of 193179 and 63.
21
Calculate the highest common divisor of 114 and 2009269.
19
Calculate the greatest common divisor of 111 and 70251.
3
What is the greatest common factor of 77402 and 687?
229
What is the greatest common divisor of 6517 and 475?
19
Calculate the highest common divisor of 83861 and 646.
17
What is the highest common divisor of 18 and 117567?
9
Calculate the greatest common factor of 912 and 342.
114
What is the highest common divisor of 384 and 15168?
192
What is the greatest common divisor of 4858 and 70?
14
What is the greatest common factor of 814 and 123062?
74
What is the greatest common divisor of 2516 and 41939?
17
What is the greatest common factor of 63042 and 84?
42
Calculate the greatest common factor of 224114 and 638.
22
What is the highest common divisor of 359 and 18?
1
What is the greatest common divisor of 155800 and 190?
190
What is the highest common factor of 637 and 189462?
91
Calculate the greatest common factor of 1896 and 8107928.
632
What is the greatest common factor of 355 and 149881?
71
What is the highest common divisor of 28185 and 60?
15
What is the greatest common factor of 104 and 17225?
13
Calculate the highest common factor of 2424 and 4536.
24
Calculate the greatest common divisor of 324 and 13356.
36
What is the greatest common factor of 285816 and 96?
24
What is the greatest common factor of 975 and 102975?
75
Calculate the highest common divisor of 980 and 147910.
70
Calculate the highest common factor of 108650 and 848.
106
Calculate the highest common divisor of 50035 and 25.
5
Calculate the highest common divisor of 280 and 574504.
56
What is the greatest common divisor of 105165 and 342?
171
What is the highest common divisor of 96 and 265332?
12
What is the greatest common divisor of 42 and 506674?
14
Calculate the greatest common factor of 60 and 109260.
60
Calculate the greatest common divisor of 17 and 2818651.
17
What is the highest common divisor of 633 and 478337?
211
What is the highest common divisor of 3307601 and 11?
11
Calculate the greatest common factor of 1226 and 112.
2
What is the highest common divisor of 3675 and 425?
25
What is the greatest common factor of 392470 and 130?
130
What is the greatest common divisor of 31388 and 59472?
1652
Calculate the highest common divisor of 187864 and 8.
8
What is the highest common divisor of 2450 and 42000?
350
What is the greatest common factor of 4964 and 8772?
68
What is the highest common factor of 304 and 58083?
19
What is the greatest common factor of 235183 and 78?
13
Calculate the greatest common divisor of 8480 and 500.
20
What is the highest common factor of 18740 and 100?
20
What is the greatest common factor of 83 and 284939?
83
Calculate the greatest common factor of 5 and 2333.
1
What is the greatest common factor of 3409601 and 533?
533
What is the greatest common divisor of 432 and 206352?
144
What is the greatest common divisor of 3680 and 368460?
460
Calculate the highest common factor of 31770 and 33182.
706
Calculate the highest common divisor of 742 and 60314.
106
What is the greatest common divisor of 33883 and 2449?
31
What is the greatest common factor of 148 and 8124?
4
What is the highest common factor of 1926974 and 318?
106
What is the highest common factor of 98 and 50?
2
Calculate the highest common divisor of 406 and 4634.
14
Calculate the greatest common divisor of 4 and 28164.
4
Calculate the greatest common factor of 132769 and 182.
91
Calculate the highest common factor of 52348 and 92.
92
What is the greatest common factor of 1819 and 163175?
107
What is the greatest common factor of 20 and 1075820?
20
Calculate the highest common divisor of 7008 and 136.
8
What is the greatest common divisor of 91214 and 118?
118
What is the greatest common divisor of 2007 and 3231?
9
What is the greatest common factor of 2040 and 66516?
12
Calculate the highest common divisor of 21650 and 7361.
433
Calculate the greatest common divisor of 1092 and 365066.
26
Calculate the greatest common factor of 6475 and 719650.
925
What is the highest common factor of 7 and 997?
1
What is the greatest common factor of 1008 and 12348?
252
What is the greatest common divisor of 2201364 and 9?
9
What is the greatest common divisor of 199 and 8557?
199
Calculate the highest common factor of 190 and 186314.
38
Calculate the highest common divisor of 98 and 172382.
98
Calculate the highest common divisor of 141 and 36143.
47
Calculate the highest common divisor of 999 and 128493.
27
What is the highest common divisor of 60333 and 27251?
119
Calculate the greatest common divisor of 4209 and 809531.
1403
Calculate the greatest common factor of 12 and 450762.
6
Calculate the highest common divisor of 5012510 and 172.
86
What is the highest common factor of 624 and 912?
48
What is the highest common divisor of 1017 and 11637?
9
What is the greatest common divisor of 3179 and 17?
17
Calculate the greatest common factor of 288 and 9432.
72
What is the highest common factor of 7 and 181314?
7
Calculate the greatest common factor of 450919 and 740.
37
Calculate the highest common divisor of 2284707 and 261.
87
What is the highest common factor of 1461 and 120?
3
Calculate the highest common divisor of 10441 and 2167.
197
What is the greatest common divisor of 15969 and 3?
3
What is the highest common divisor of 3484 and 1144?
52
Calculate the highest common factor of 525 and 151263.
21
What is the highest common divisor of 4532 and 220?
44
What is the greatest common divisor of 2356847 and 1658?
829
What is the highest common divisor of 4 and 13868?
4
What is the greatest common divisor of 4090085 and 5?
5
Calculate the highest common factor of 129021 and 435.
87
Calculate the highest common divisor of 47874 and 4848.
606
Calculate the greatest common divisor of 3990 and 22078.
266
What is the highest common divisor of 402 and 29802?
6
What is the greatest common divisor of 132 and 29238?
66
What is the highest common factor of 928 and 8149?
29
Calculate the highest common divisor of 131 and 649.
1
What is the greatest common factor of 144789 and 204?
51
What is the greatest common factor of 54 and 1298?
2
What is the highest common divisor of 1068654 and 918?
102
What is the greatest common divisor of 836 and 121638?
418
Calculate the highest common factor of 976 and 1457168.
976
Calculate the highest common divisor of 4103 and 39911.
373
What is the highest common factor